of 6445.
5, 1289
List the prime factors of 86172.
2, 3, 43, 167
List the prime factors of 312.
2, 3, 13
List the prime factors of 25738.
2, 17, 757
List the prime factors of 2518.
2, 1259
What are the prime factors of 79201?
79201
List the prime factors of 420.
2, 3, 5, 7
What are the prime factors of 19438?
2, 9719
What are the prime factors of 7489?
7489
What are the prime factors of 7682?
2, 23, 167
What are the prime factors of 57821?
67, 863
List the prime factors of 33.
3, 11
List the prime factors of 8471.
43, 197
List the prime factors of 1651.
13, 127
What are the prime factors of 1414?
2, 7, 101
What are the prime factors of 512?
2
What are the prime factors of 1512?
2, 3, 7
What are the prime factors of 134040?
2, 3, 5, 1117
What are the prime factors of 65735?
5, 13147
List the prime factors of 91878.
2, 3, 15313
List the prime factors of 4186.
2, 7, 13, 23
What are the prime factors of 128?
2
What are the prime factors of 520?
2, 5, 13
What are the prime factors of 68011?
23, 2957
What are the prime factors of 1431?
3, 53
What are the prime factors of 2674?
2, 7, 191
List the prime factors of 155896.
2, 13, 1499
What are the prime factors of 559?
13, 43
List the prime factors of 23286.
2, 3, 3881
What are the prime factors of 722?
2, 19
What are the prime factors of 156?
2, 3, 13
What are the prime factors of 16719?
3, 5573
List the prime factors of 639.
3, 71
What are the prime factors of 57?
3, 19
What are the prime factors of 25592?
2, 7, 457
What are the prime factors of 27847?
27847
What are the prime factors of 1510?
2, 5, 151
List the prime factors of 25368.
2, 3, 7, 151
List the prime factors of 2615.
5, 523
List the prime factors of 1706.
2, 853
List the prime factors of 17414.
2, 8707
What are the prime factors of 83?
83
List the prime factors of 91027.
227, 401
List the prime factors of 66525.
3, 5, 887
What are the prime factors of 2933?
7, 419
List the prime factors of 837.
3, 31
What are the prime factors of 1502?
2, 751
List the prime factors of 67230.
2, 3, 5, 83
What are the prime factors of 38696?
2, 7, 691
List the prime factors of 4418.
2, 47
What are the prime factors of 728?
2, 7, 13
What are the prime factors of 22680?
2, 3, 5, 7
List the prime factors of 13474.
2, 6737
List the prime factors of 2957.
2957
List the prime factors of 9292.
2, 23, 101
List the prime factors of 6612.
2, 3, 19, 29
List the prime factors of 93565.
5, 18713
What are the prime factors of 12599?
43, 293
List the prime factors of 3097.
19, 163
List the prime factors of 374.
2, 11, 17
List the prime factors of 16739.
19, 881
List the prime factors of 4323.
3, 11, 131
List the prime factors of 1437.
3, 479
List the prime factors of 2512.
2, 157
List the prime factors of 1468.
2, 367
List the prime factors of 5624.
2, 19, 37
List the prime factors of 1063.
1063
List the prime factors of 24245.
5, 13, 373
List the prime factors of 60143.
137, 439
List the prime factors of 11954.
2, 43, 139
What are the prime factors of 292?
2, 73
What are the prime factors of 1800?
2, 3, 5
What are the prime factors of 43402?
2, 21701
List the prime factors of 8545.
5, 1709
What are the prime factors of 5993?
13, 461
List the prime factors of 1903.
11, 173
What are the prime factors of 2740?
2, 5, 137
List the prime factors of 252.
2, 3, 7
List the prime factors of 31.
31
What are the prime factors of 10377?
3, 1153
List the prime factors of 11831.
11831
List the prime factors of 582.
2, 3, 97
What are the prime factors of 496?
2, 31
List the prime factors of 11067.
3, 7, 17, 31
What are the prime factors of 750?
2, 3, 5
List the prime factors of 1885.
5, 13, 29
List the prime factors of 833.
7, 17
What are the prime factors of 30194?
2, 31, 487
List the prime factors of 1918.
2, 7, 137
What are the prime factors of 2492?
2, 7, 89
List the prime factors of 5050.
2, 5, 101
What are the prime factors of 39445?
5, 7, 23
What are the prime factors of 2061?
3, 229
List the prime factors of 2924.
2, 17, 43
What are the prime factors of 9?
3
List the prime factors of 2159.
17, 127
List the prime factors of 431.
431
List the prime factors of 2836.
2, 709
What are the prime factors of 3047?
11, 277
List the prime factors of 13199.
67, 197
List the prime factors of 93393.
3, 1153
List the prime factors of 14477.
31, 467
List the prime factors of 623.
7, 89
List the prime factors of 1749.
3, 11, 53
List the prime factors of 38379.
3, 11, 1163
List the prime factors of 767.
13, 59
List the prime factors of 1356.
2, 3, 113
What are the prime factors of 4605?
3, 5, 307
What are the prime factors of 100?
2, 5
What are the prime factors of 576?
2, 3
List the prime factors of 18109.
7, 13, 199
List the prime factors of 3145.
5, 17, 37
What are the prime factors of 36877?
36877
List the prime factors of 34449.
3, 11483
What are the prime factors of 1160?
2, 5, 29
List the prime factors of 834.
2, 3, 139
List the prime factors of 3797.
3797
What are the prime factors of 39002?
2, 19501
List the prime factors of 18976.
2, 593
List the prime factors of 27035.
5, 5407
List the prime factors of 20448.
2, 3, 71
List the prime factors of 20920.
2, 5, 523
What are the prime factors of 1684?
2, 421
List the prime factors of 216.
2, 3
What are the prime factors of 997?
997
What are the prime factors of 5674?
2, 2837
List the prime factors of 12779.
13, 983
List the prime factors of 17516.
2, 29, 151
List the prime factors of 3914.
2, 19, 103
List the prime factors of 1370.
2, 5, 137
List the prime factors of 1706.
2, 853
What are the prime factors of 740?
2, 5, 37
What are the prime factors of 1471?
1471
What are the prime factors of 331?
331
What are the prime factors of 2195?
5, 439
List the prime factors of 334.
2, 167
List the prime factors of 2699.
2699
List the prime factors of 1805.
5, 19
What are the prime factors of 104566?
2, 7, 11, 97
List the prime factors of 109144.
2, 7, 1949
What are the prime factors of 2636?
2, 659
List the prime factors of 1033.
1033
List the prime factors of 17195.
5, 19, 181
What are the prime factors of 836?
2, 11, 19
What are the prime factors of 2377?
2377
What are the prime factors of 832?
2, 13
List the prime factors of 94634.
2, 47317
List the prime factors of 304.
2, 19
What are the prime factors of 10261?
31, 331
What are the prime factors of 18981?
3, 19, 37
What are the prime factors of 3621?
3, 17, 71
List the prime factors of 3398.
2, 1699
What are the prime factors of 14064?
2, 3, 293
What are the prime factors of 10251?
3, 17, 67
What are the prime factors of 2036?
2, 509
What are the prime factors of 525?
3, 5, 7
What are the prime factors of 5574?
2, 3, 929
What are the prime factors of 523?
523
What are the prime factors of 164925?
3, 5, 733
What are the prime factors of 7494?
2, 3, 1249
What are the prime factors of 21085?
5, 4217
What are the prime factors of 43236?
2, 3, 1201
What are the prime factors of 17014?
2, 47, 181
What are the prime factors of 1853?
17, 109
What are the prime factors of 2764?
2, 691
List the prime factors of 14860.
2, 5, 743
What are the prime factors of 80135?
5, 11, 31, 47
List the prime factors of 23926.
2, 7, 1709
List the prime factors of 7641.
3, 283
What are the prime factors of 46135?
5, 9227
List the prime factors of 1621.
1621
What are the prime factors of 485?
5, 97
List the prime factors of 132.
2, 3, 11
What are the prime factors of 14031?
3, 1559
List the prime factors of 7027.
7027
What are the prime factors of 19326?
2, 3, 3221
What are the prime factors of 465?
3, 5, 31
What are the prime factors of 2413?
19, 127
List the prime factors of 1224.
2, 3, 17
What are the prime factors of 3433?
3433
List the prime factors of 65389.
23, 2843
What are the prime factors of 2603?
19, 137
List the prime factors of 662.
2, 331
What are the prime factors of 2294?
2, 31, 37
List the prime factors of 9904.
2, 619
List the prime factors of 14841.
3, 17, 97
List the prime factors of 1353.
3, 11, 41
What are the prime factors of 4014?
2, 3, 223
What are the prime factors of 26484?
2, 3, 2207
What are the prime factors of 2095?
5, 419
What are the prime factors of 28516?
2, 7129
List the prime factors of 1629.
3, 181
List the prime factors of 17208.
2, 3, 239
List the prime factors of 5058.
2, 3, 2